{"id":502,"date":"2020-02-04T17:23:41","date_gmt":"2020-02-04T15:23:41","guid":{"rendered":"https:\/\/www.adgt.it\/wordpress\/?page_id=502"},"modified":"2020-02-04T17:23:42","modified_gmt":"2020-02-04T15:23:42","slug":"contest-di-giornalismo-partecipativo-4-edizione-2020","status":"publish","type":"page","link":"https:\/\/www.adgt.it\/wordpress\/attivita\/2020-attivita\/contest-di-giornalismo-partecipativo-4-edizione-2020\/","title":{"rendered":"Contest di Giornalismo partecipativo 4\u00b0 edizione 2020"},"content":{"rendered":"\n<div class=\"wp-block-image\"><figure class=\"aligncenter size-large\"><img loading=\"lazy\" decoding=\"async\" width=\"718\" height=\"1024\" src=\"https:\/\/www.adgt.it\/wordpress\/wp-content\/uploads\/2020\/02\/Contest-Giornalismo-Manifesto_70x100-718x1024.gif\" alt=\"\" class=\"wp-image-503\" srcset=\"https:\/\/www.adgt.it\/wordpress\/wp-content\/uploads\/2020\/02\/Contest-Giornalismo-Manifesto_70x100-718x1024.gif 718w, https:\/\/www.adgt.it\/wordpress\/wp-content\/uploads\/2020\/02\/Contest-Giornalismo-Manifesto_70x100-210x300.gif 210w, https:\/\/www.adgt.it\/wordpress\/wp-content\/uploads\/2020\/02\/Contest-Giornalismo-Manifesto_70x100-768x1096.gif 768w, https:\/\/www.adgt.it\/wordpress\/wp-content\/uploads\/2020\/02\/Contest-Giornalismo-Manifesto_70x100-1077x1536.gif 1077w, https:\/\/www.adgt.it\/wordpress\/wp-content\/uploads\/2020\/02\/Contest-Giornalismo-Manifesto_70x100-1436x2048.gif 1436w\" sizes=\"auto, (max-width: 718px) 100vw, 718px\" \/><figcaption>Concorso di giornalismo<\/figcaption><\/figure><\/div>\n\n\n\n<p class=\"wp-block-paragraph\">Il progetto Comunit\u00e0 e Narrazione &#8211; Contest di Giornalismo partecipativo, 4\u00b0 edizione 2020 \u00e8 promosso da<strong>&nbsp;Tempora Onlus<\/strong>, Cooperazione allo Sviluppo.<\/p>\n\n\n\n<p class=\"wp-block-paragraph\"><strong>Opportunit\u00e0 giovani dai 18 a 35 anni<\/strong>. Flessibilit\u00e0 di una finestra di 6 mesi, ante 18 e post 35.<\/p>\n\n\n\n<p class=\"wp-block-paragraph\">Il Giornalismo partecipativo \u00e8 riconosciuto dalla\u00a0<strong>Carta Europea<\/strong>\u00a0ed  aderisce ai valori di democrazia, partecipazione consapevole,  solidariet\u00e0 e cittadinanza attiva. L&#8217;obiettivo \u00e8 di incentivare  prospettive di sviluppo locale, in un\u2019ottica innovativa e tecnologica,  con strategiche collaborazioni di rete.<\/p>\n\n\n\n<p class=\"wp-block-paragraph\"><strong>12  Incontri tematici sul giornalismo, replicabili sulle 3 sedi operative  di Trento, Rovereto, Segonzano, pi\u00f9 7 Eventi speciali aperti alla  cittadinanza.<\/strong><\/p>\n\n\n\n<p class=\"wp-block-paragraph\">I Relatori sono professionisti del Giornalismo, Editoria, Letteratura, Comunicazione.<br><\/p>\n\n\n\n<p class=\"wp-block-paragraph\"><strong>Incontri tematici<\/strong>:<br>Presentazione progetto, Testimonianze<br>La notizia e le fonti. Struttura giornale on line<br>L\u2019Autonomia oggi<br>Giornalismo sociale: disabilit\u00e0 e media<br>Giornalismo di comunit\u00e0<br>Diritto all\u2019informazione nella UE<br>Giornalismo bilingue e d\u2019inchiesta<br>Giornalismo televisivo<br>Giornalismo sportivo<br>Geopolitica e conflitti nel mondo<br>Data Journalism<br>Avvio percorso esperienziale\u00a0<\/p>\n\n\n\n<p class=\"wp-block-paragraph\"><strong>Eventi speciali:<\/strong><strong>Scrivere digitale: una cassetta degli attrezzi<\/strong>, Luisa Carrada, Trento &#8211; Gioved\u00ec 5 marzo 2020<br><strong>A scuola dell\u2019Ufficio Stampa della P.A.T<\/strong>., Giampaolo Pedrotti, Trento &#8211; 18 marzo 2020<br><strong>Esistenze rammendate: ricucire le esistenze attraverso la scrittura<\/strong>, Riccardo Mazzeo, Cembra &#8211; Gioved\u00ec 19 marzo 2020<br><strong>Retrospettiva sull\u2019Europa. Alle origini del progetto comunitario<\/strong>, Marco Odorizzi, Rovereto &#8211; &nbsp;Venerd\u00ec 20 marzo 2020<br><strong>L\u2019era della disinformazione: il caso di scuola dell\u2019America Latina<\/strong>, Gennaro Carotenuto, &nbsp;Rovereto &#8211; Luned\u00ec 30 marzo 2020<br><strong>Geopolitica dei media<\/strong>&nbsp;&#8211; Zouhir Louassini, Albiano &#8211; Mercoled\u00ec 8 aprile 2020<br><strong>Giornalismo d\u2019inchiesta e Storia d\u2019Italia<\/strong>, Giovanni Fasanella, Trento &#8211; Marted\u00ec 14 aprile 2020<\/p>\n\n\n\n<p class=\"wp-block-paragraph\">Le sale saranno comunicate work in progress per ciascun evento.<br><strong>Crediti formativi per Istituti accademici e pubblicisti.<\/strong>Possono partecipare tutti i cittadini interessati, ma solo il target giovani 18&gt;35 anni pu\u00f2 concorrere al Contest.&nbsp;<br>A fine incontri&nbsp;<strong>elaborazione di uno scritto tematico inedito, a scelta su 3 tracce indicate<\/strong>,\n la cui valutazione sar\u00e0 sottoposta ad una Giuria di Esperti .Saranno \nammessi al Contest coloro che non supereranno le 5 assenze totali. \nSeguir\u00e0 Percorso esperienziale on line da maggio a giugno con Enti di \nprestigio.&nbsp;In tale contesto, per alcuni, nelle precedenti edizioni, si sono aperte opportunit\u00e0 professionali.&nbsp;<strong>Premi<\/strong><\/p>\n\n\n\n<p class=\"wp-block-paragraph\"><strong>6 Vincitori<\/strong>&nbsp;unificati per tutte le sedi.&nbsp;<strong>1\u00b0 classificato\/a contratto free lance di un anno con il giornale web Il Dolomiti&nbsp;+ iPad Apple&nbsp;+ libro&nbsp;+ Attestato.<\/strong><\/p>\n\n\n\n<p class=\"wp-block-paragraph\">Il vincitore della 2\u00b0 edizione, dopo il contratto annuale, \u00e8 stato nel 2019 confermato nella Redazione.<\/p>\n\n\n\n<p class=\"wp-block-paragraph\">Altri premi:&nbsp; secondo e terzo classificato\/a iPad Apple quarto, quinto, sesto classificato\/a Tablet&nbsp;+ libro&nbsp;+ Attestato.<\/p>\n\n\n\n<p class=\"wp-block-paragraph\">Per tutti, non vincitori ma ammessi al Contest, libro + Attestato. La<strong>&nbsp;premiazione<\/strong>&nbsp;\u00e8 prevista nel mese di luglio a Rovereto.<\/p>\n\n\n\n<p class=\"wp-block-paragraph\"><strong>Partner finanziatori<\/strong>: Provincia Autonoma di Trento, Comune di Trento, Comune di Rovereto, Comunit\u00e0 della Valle di Cembra.<\/p>\n\n\n\n<p class=\"wp-block-paragraph\"><strong>Altri partner<\/strong>:\n Comune di Segonzano, Comune di Cembra, Comune di Albiano, Forum \nTrentino per la Pace e i diritti umani, Fondazione Trentina Alcide De \nGasperi, Under Trenta, SBT Sistema Bibliotecario Trentino, Il Dolomiti, \nCCI Centro per la Cooperazione Internazionale, Opera Armida Barelli, \nSalto.BZ, Unimondo, Cassa Rurale Alta Valsugana,<\/p>\n\n\n\n<p class=\"wp-block-paragraph\"><strong>Info e Regolamento<\/strong>&nbsp;<a href=\"https:\/\/www.comunitaenarrazione.org\/?fbclid=IwAR3D8RG9U2JjI_TN8QCTGkYAPLtR_vT2vkjfpcxFa0KM-rwFKHVGTt0g16E\" target=\"_blank\" rel=\"noreferrer noopener\">https:\/\/www.comunitaenarrazione.org\/?fbclid=IwAR3D8RG9U2JjI_TN8QCTGkYAPLtR_vT2vkjfpcxFa0KM-rwFKHVGTt0g16E<\/a><\/p>\n\n\n\n<p class=\"wp-block-paragraph\"><strong>Iscrizioni on line entro le ore 24,00 del 16 febbraio 2020.<\/strong>Contatti:&nbsp;<a href=\"mailto:redazione.temporaonlus@gmail.com\" target=\"_blank\" rel=\"noreferrer noopener\">redazione.temporaonlus@gmail.com<\/a>&nbsp; Cell. 342 5144241<br><strong>Con preghiera di informazione e pubblicazione. Grazie.<\/strong><br>Allegati: manifesto, locandina e folder.<br>Project Manager Giovanna Venditti<strong><\/strong><strong><br><\/strong><strong>Redazione<\/strong><br><strong>Tempora Onlus &#8211;&nbsp;<\/strong><strong>Cooperazione allo Sviluppo<\/strong><br>Sede Legale: 38122 Trento, Via Bronzetti 29Cell. 0039 342 5144241Fax 0039 0461 980231Unit\u00e0 di Tenna: 38050 Tenna (TN) Via Alber\u00e8 34<\/p>\n\n\n\n<p class=\"wp-block-paragraph\"><a rel=\"noreferrer noopener\" href=\"mailto:redazione.temporaonlus@gmail.com\" target=\"_blank\">redazione.temporaonlus@gmail.com<\/a><\/p>\n\n\n\n<p class=\"wp-block-paragraph\"><a rel=\"noreferrer noopener\" href=\"http:\/\/comunitaenarrazione.org\/\" target=\"_blank\">http:\/\/comunitaenarrazione.org\/<\/a><\/p>\n\n\n\n<p class=\"wp-block-paragraph\"><a rel=\"noreferrer noopener\" href=\"https:\/\/temporaonlus.jimdo.com\/\" target=\"_blank\">https:\/\/temporaonlus.jimdo.com\/<\/a><\/p>\n\n\n\n<p class=\"wp-block-paragraph\">Informativa ai sensi della Legge 31.12.96 n.675.Il titolare del trattamento dei dati \u00e8 Tempora Onlus, con sede in Trento (I), Via Dei Guarinoni, 9Vi\n competono i diritti di cui all&#8217;art.13 della legge. In qualsiasi momento\n si potr\u00e0 chiedere la modifica, il non utilizzo o la cancellazione dei \ndati, scrivendo a Tempora Onlus anche a mezzo e-mail.DisclaimerIl\n contenuto di questo messaggio \u00e8 strettamente riservato al destinatario.\n Qualora &#8211; per errore di trasmissione &#8211; pervenisse a persona diversa, \npreghiamo di cancellare il messaggio stesso; avvisiamo che la \nritenzione, l&#8217;uso indebito e la diffusione non espressamente autorizzata\n della comunicazione potranno comportare la violazione degli art. 616 e \nseguenti del Codice Penale.<br><\/p>\n","protected":false},"excerpt":{"rendered":"<p>Il progetto Comunit\u00e0 e Narrazione &#8211; Contest di Giornalismo partecipativo, 4\u00b0 edizione 2020 \u00e8 promosso da&nbsp;Tempora Onlus, Cooperazione allo Sviluppo. Opportunit\u00e0 giovani dai 18 a 35 anni. Flessibilit\u00e0 di una finestra di 6 mesi, ante 18 e post 35. Il Giornalismo partecipativo \u00e8 riconosciuto dalla\u00a0Carta Europea\u00a0ed aderisce ai valori di democrazia, partecipazione consapevole, solidariet\u00e0 e<\/p>\n<p><a href=\"https:\/\/www.adgt.it\/wordpress\/attivita\/2020-attivita\/contest-di-giornalismo-partecipativo-4-edizione-2020\/\" class=\"more-link\">Leggi tutto<\/a><\/p>\n","protected":false},"author":1,"featured_media":0,"parent":493,"menu_order":0,"comment_status":"closed","ping_status":"closed","template":"template\/template-page-full-width.php","meta":{"footnotes":""},"class_list":["post-502","page","type-page","status-publish","hentry"],"_links":{"self":[{"href":"https:\/\/www.adgt.it\/wordpress\/wp-json\/wp\/v2\/pages\/502","targetHints":{"allow":["GET"]}}],"collection":[{"href":"https:\/\/www.adgt.it\/wordpress\/wp-json\/wp\/v2\/pages"}],"about":[{"href":"https:\/\/www.adgt.it\/wordpress\/wp-json\/wp\/v2\/types\/page"}],"author":[{"embeddable":true,"href":"https:\/\/www.adgt.it\/wordpress\/wp-json\/wp\/v2\/users\/1"}],"replies":[{"embeddable":true,"href":"https:\/\/www.adgt.it\/wordpress\/wp-json\/wp\/v2\/comments?post=502"}],"version-history":[{"count":1,"href":"https:\/\/www.adgt.it\/wordpress\/wp-json\/wp\/v2\/pages\/502\/revisions"}],"predecessor-version":[{"id":504,"href":"https:\/\/www.adgt.it\/wordpress\/wp-json\/wp\/v2\/pages\/502\/revisions\/504"}],"up":[{"embeddable":true,"href":"https:\/\/www.adgt.it\/wordpress\/wp-json\/wp\/v2\/pages\/493"}],"wp:attachment":[{"href":"https:\/\/www.adgt.it\/wordpress\/wp-json\/wp\/v2\/media?parent=502"}],"curies":[{"name":"wp","href":"https:\/\/api.w.org\/{rel}","templated":true}]}}

<div class="wp-block-image"><figure class="aligncenter size-large"><img loading="lazy" decoding="async" width="718" height="1024" src="https://www.adgt.it/wordpress/wp-content/uploads/2020/02/Contest-Giornalismo-Manifesto_70x100-718x1024.gif" alt="" class="wp-image-503" srcset="https://www.adgt.it/wordpress/wp-content/uploads/2020/02/Contest-Giornalismo-Manifesto_70x100-718x1024.gif 718w, https://www.adgt.it/wordpress/wp-content/uploads/2020/02/Contest-Giornalismo-Manifesto_70x100-210x300.gif 210w, https://www.adgt.it/wordpress/wp-content/uploads/2020/02/Contest-Giornalismo-Manifesto_70x100-768x1096.gif 768w, https://www.adgt.it/wordpress/wp-content/uploads/2020/02/Contest-Giornalismo-Manifesto_70x100-1077x1536.gif 1077w, https://www.adgt.it/wordpress/wp-content/uploads/2020/02/Contest-Giornalismo-Manifesto_70x100-1436x2048.gif 1436w" sizes="auto, (max-width: 718px) 100vw, 718px" /><figcaption>Concorso di giornalismo</figcaption></figure></div>



<p class="wp-block-paragraph">Il progetto Comunità e Narrazione &#8211; Contest di Giornalismo partecipativo, 4° edizione 2020 è promosso da<strong>&nbsp;Tempora Onlus</strong>, Cooperazione allo Sviluppo.</p>



<p class="wp-block-paragraph"><strong>Opportunità giovani dai 18 a 35 anni</strong>. Flessibilità di una finestra di 6 mesi, ante 18 e post 35.</p>



<p class="wp-block-paragraph">Il Giornalismo partecipativo è riconosciuto dalla <strong>Carta Europea</strong> ed  aderisce ai valori di democrazia, partecipazione consapevole,  solidarietà e cittadinanza attiva. L&#8217;obiettivo è di incentivare  prospettive di sviluppo locale, in un’ottica innovativa e tecnologica,  con strategiche collaborazioni di rete.</p>



<p class="wp-block-paragraph"><strong>12  Incontri tematici sul giornalismo, replicabili sulle 3 sedi operative  di Trento, Rovereto, Segonzano, più 7 Eventi speciali aperti alla  cittadinanza.</strong></p>



<p class="wp-block-paragraph">I Relatori sono professionisti del Giornalismo, Editoria, Letteratura, Comunicazione.<br></p>



<p class="wp-block-paragraph"><strong>Incontri tematici</strong>:<br>Presentazione progetto, Testimonianze<br>La notizia e le fonti. Struttura giornale on line<br>L’Autonomia oggi<br>Giornalismo sociale: disabilità e media<br>Giornalismo di comunità<br>Diritto all’informazione nella UE<br>Giornalismo bilingue e d’inchiesta<br>Giornalismo televisivo<br>Giornalismo sportivo<br>Geopolitica e conflitti nel mondo<br>Data Journalism<br>Avvio percorso esperienziale </p>



<p class="wp-block-paragraph"><strong>Eventi speciali:</strong><strong>Scrivere digitale: una cassetta degli attrezzi</strong>, Luisa Carrada, Trento &#8211; Giovedì 5 marzo 2020<br><strong>A scuola dell’Ufficio Stampa della P.A.T</strong>., Giampaolo Pedrotti, Trento &#8211; 18 marzo 2020<br><strong>Esistenze rammendate: ricucire le esistenze attraverso la scrittura</strong>, Riccardo Mazzeo, Cembra &#8211; Giovedì 19 marzo 2020<br><strong>Retrospettiva sull’Europa. Alle origini del progetto comunitario</strong>, Marco Odorizzi, Rovereto &#8211; &nbsp;Venerdì 20 marzo 2020<br><strong>L’era della disinformazione: il caso di scuola dell’America Latina</strong>, Gennaro Carotenuto, &nbsp;Rovereto &#8211; Lunedì 30 marzo 2020<br><strong>Geopolitica dei media</strong>&nbsp;&#8211; Zouhir Louassini, Albiano &#8211; Mercoledì 8 aprile 2020<br><strong>Giornalismo d’inchiesta e Storia d’Italia</strong>, Giovanni Fasanella, Trento &#8211; Martedì 14 aprile 2020</p>



<p class="wp-block-paragraph">Le sale saranno comunicate work in progress per ciascun evento.<br><strong>Crediti formativi per Istituti accademici e pubblicisti.</strong>Possono partecipare tutti i cittadini interessati, ma solo il target giovani 18&gt;35 anni può concorrere al Contest.&nbsp;<br>A fine incontri&nbsp;<strong>elaborazione di uno scritto tematico inedito, a scelta su 3 tracce indicate</strong>,
 la cui valutazione sarà sottoposta ad una Giuria di Esperti .Saranno 
ammessi al Contest coloro che non supereranno le 5 assenze totali. 
Seguirà Percorso esperienziale on line da maggio a giugno con Enti di 
prestigio.&nbsp;In tale contesto, per alcuni, nelle precedenti edizioni, si sono aperte opportunità professionali.&nbsp;<strong>Premi</strong></p>



<p class="wp-block-paragraph"><strong>6 Vincitori</strong>&nbsp;unificati per tutte le sedi.&nbsp;<strong>1° classificato/a contratto free lance di un anno con il giornale web Il Dolomiti&nbsp;+ iPad Apple&nbsp;+ libro&nbsp;+ Attestato.</strong></p>



<p class="wp-block-paragraph">Il vincitore della 2° edizione, dopo il contratto annuale, è stato nel 2019 confermato nella Redazione.</p>



<p class="wp-block-paragraph">Altri premi:&nbsp; secondo e terzo classificato/a iPad Apple quarto, quinto, sesto classificato/a Tablet&nbsp;+ libro&nbsp;+ Attestato.</p>



<p class="wp-block-paragraph">Per tutti, non vincitori ma ammessi al Contest, libro + Attestato. La<strong>&nbsp;premiazione</strong>&nbsp;è prevista nel mese di luglio a Rovereto.</p>



<p class="wp-block-paragraph"><strong>Partner finanziatori</strong>: Provincia Autonoma di Trento, Comune di Trento, Comune di Rovereto, Comunità della Valle di Cembra.</p>



<p class="wp-block-paragraph"><strong>Altri partner</strong>:
 Comune di Segonzano, Comune di Cembra, Comune di Albiano, Forum 
Trentino per la Pace e i diritti umani, Fondazione Trentina Alcide De 
Gasperi, Under Trenta, SBT Sistema Bibliotecario Trentino, Il Dolomiti, 
CCI Centro per la Cooperazione Internazionale, Opera Armida Barelli, 
Salto.BZ, Unimondo, Cassa Rurale Alta Valsugana,</p>



<p class="wp-block-paragraph"><strong>Info e Regolamento</strong>&nbsp;<a href="https://www.comunitaenarrazione.org/?fbclid=IwAR3D8RG9U2JjI_TN8QCTGkYAPLtR_vT2vkjfpcxFa0KM-rwFKHVGTt0g16E" target="_blank" rel="noreferrer noopener">https://www.comunitaenarrazione.org/?fbclid=IwAR3D8RG9U2JjI_TN8QCTGkYAPLtR_vT2vkjfpcxFa0KM-rwFKHVGTt0g16E</a></p>



<p class="wp-block-paragraph"><strong>Iscrizioni on line entro le ore 24,00 del 16 febbraio 2020.</strong>Contatti:&nbsp;<a href="mailto:redazione.temporaonlus@gmail.com" target="_blank" rel="noreferrer noopener">redazione.temporaonlus@gmail.com</a>&nbsp; Cell. 342 5144241<br><strong>Con preghiera di informazione e pubblicazione. Grazie.</strong><br>Allegati: manifesto, locandina e folder.<br>Project Manager Giovanna Venditti<strong></strong><strong><br></strong><strong>Redazione</strong><br><strong>Tempora Onlus &#8211;&nbsp;</strong><strong>Cooperazione allo Sviluppo</strong><br>Sede Legale: 38122 Trento, Via Bronzetti 29Cell. 0039 342 5144241Fax 0039 0461 980231Unità di Tenna: 38050 Tenna (TN) Via Alberè 34</p>



<p class="wp-block-paragraph"><a rel="noreferrer noopener" href="mailto:redazione.temporaonlus@gmail.com" target="_blank">redazione.temporaonlus@gmail.com</a></p>



<p class="wp-block-paragraph"><a rel="noreferrer noopener" href="http://comunitaenarrazione.org/" target="_blank">http://comunitaenarrazione.org/</a></p>



<p class="wp-block-paragraph"><a rel="noreferrer noopener" href="https://temporaonlus.jimdo.com/" target="_blank">https://temporaonlus.jimdo.com/</a></p>



<p class="wp-block-paragraph">Informativa ai sensi della Legge 31.12.96 n.675.Il titolare del trattamento dei dati è Tempora Onlus, con sede in Trento (I), Via Dei Guarinoni, 9Vi
 competono i diritti di cui all&#8217;art.13 della legge. In qualsiasi momento
 si potrà chiedere la modifica, il non utilizzo o la cancellazione dei 
dati, scrivendo a Tempora Onlus anche a mezzo e-mail.DisclaimerIl
 contenuto di questo messaggio è strettamente riservato al destinatario.
 Qualora &#8211; per errore di trasmissione &#8211; pervenisse a persona diversa, 
preghiamo di cancellare il messaggio stesso; avvisiamo che la 
ritenzione, l&#8217;uso indebito e la diffusione non espressamente autorizzata
 della comunicazione potranno comportare la violazione degli art. 616 e 
seguenti del Codice Penale.<br></p>

<p>Il progetto Comunità e Narrazione &#8211; Contest di Giornalismo partecipativo, 4° edizione 2020 è promosso da&nbsp;Tempora Onlus, Cooperazione allo Sviluppo. Opportunità giovani dai 18 a 35 anni. Flessibilità di una finestra di 6 mesi, ante 18 e post 35. Il Giornalismo partecipativo è riconosciuto dalla Carta Europea ed aderisce ai valori di democrazia, partecipazione consapevole, solidarietà e</p>
<p><a href="https://www.adgt.it/wordpress/attivita/2020-attivita/contest-di-giornalismo-partecipativo-4-edizione-2020/" class="more-link">Leggi tutto</a></p>
